 + 3*p - 10 = 0, -4*p = 5*y - 2. Calculate v(y).
5
Let c(s) = s - 8. Let n be c(6). Let l be (-2)/(15/(-9) - -1). Let b(p) = p - 5. Let v(a) = a - 4. Let m(t) = l*v(t) + n*b(t). What is m(-3)?
-5
Let f(q) = q**2 + 7*q + 6. Let u be f(-6). Let x(y) = 3*y + 7*y**2 - 6*y**2 + 3 - 3*y. Give x(u).
3
Let x(v) = -5*v**3 - 28*v**2 + 11*v - 13. Suppose a + 0 - 1 = 3*i, a + 3*i + 5 = 0. Let o(u) = -u**3 - 7*u**2 + 3*u - 3. Let r(k) = a*x(k) + 9*o(k). Give r(6).
-7
Let y(s) be the first derivative of 2*s**2 - 1/3*s**3 + 6*s - 8. Give y(6).
-6
Let q = -72 + 104. Let x(i) = 3 + 29*i**2 + q*i**2 - 62*i**2 - 2*i. What is x(2)?
-5
Let y(t) = t**2 - t - 79. Let p be y(9). Let b(l) = -19*l - 131. Calculate b(p).
2
Let t be 58/(-8) + 30/(-40). Let w(s) = 1. Let y(g) = -g + 2. Let u(i) = 3*w(i) - y(i). Give u(t).
-7
Let l(x) = 5*x**2 + 2*x**2 - 5*x**2 - x**2 - 6*x. Let s(b) = -26*b + 83. Let h be s(3). What is l(h)?
-5
Let d(q) = -3*q + 3. Suppose -64 = -2*l - 0*c + 4*c, 2*l + 4*c = 32. Suppose 0 = i + 5*i - l. Calculate d(i).
-9
Let i(l) = 2*l**3 - 2*l**2 + l. Let c(m) = -3*m**3 + 1 - m**2 + 3*m**3 - 8*m**3 + m. Let f be c(-1). Let x be 16/f + 4/(-14). Determine i(x).
10
Suppose -12 = 4*c + 4*u, 9 - 3 = -4*c + 2*u. Let r(d) = -10*d + 1. Calculate r(c).
21
Let v(q) = q - 3. Let h be v(7). Let d(i) = -13 + 9 - i**2 + h - 2*i. Calculate d(-5).
-15
Let l(r) = 3. Let f(t) = -t + 4. Let o(h) = 2*f(h) - 3*l(h). Let u = 47 - 46. Calculate o(u).
-3
Let v be 2/(-2)*(0 + -1). Suppose -4*l + 4*q + 0*q = -248, 4*l = -2*q + 272. Let s(p) = 33 + 34 + 15*p - l. Give s(v).
16
Let w(z) be the first derivative of -11*z**3/3 + z**2/2 - 531. Determine w(-1).
-12
Suppose 170*m + 34 = 168*m. Let r(p) = p**3 + 17*p**2 - p - 16. Give r(m).
1
Let x(c) = 3*c + 19. Suppose 0 = -24*a - 70 - 50. What is x(a)?
4
Let b(c) be the third derivative of -c**5/30 + 19*c**4/24 - 2*c**3 - 54*c**2. What is b(9)?
-3
Let x(s) = 8*s**3 + 2*s**2 + 2*s. Suppose -2*m - d - 1 = 4, 4*d + 14 = -2*m. Calculate x(m).
-8
Suppose 42 = -8*u + 14*u. Let z(n) = -n**3 + 7*n**2 - n + 8. What is z(u)?
1
Let l(a) = a**2 + 6*a - 11. Let c be l(-8). Suppose -9 - 29 = 3*f + 4*r, 0 = -4*f - c*r - 49. Let x = f - -12. Let n(p) = -2*p + 5. Calculate n(x).
-7
Let j(b) = 14 + 9*b + 0*b**2 - 3*b + 11*b**2 - 10*b**2. What is j(-5)?
9
Let j(q) = 27*q**2 + 2*q - 1. Suppose 1 + 12 = 13*v. Determine j(v).
28
Let l(p) be the second derivative of p**5/20 + p**4/12 - p**3/6 + 5*p**2 - 188*p. Calculate l(0).
10
Suppose 0 = -2*k - 5*h + 3*h - 4, 3*k - 2*h + 6 = 0. Let r(l) be the third derivative of -5*l**4/24 - l**3/2 + 671*l**2 + l. What is r(k)?
7
Let w(o) = o. Let f = 14 + -16. Let y be ((-5)/2)/(1/f). Suppose -2*n = -4*u - 9 - y, 2*n + 22 = -5*u. Calculate w(n).
-1
Let k(d) = -d**3 + 6*d**2 - d - 5. Let l be -1 + 9/(27/30). Let s be l/3 + 6 + -4. Determine k(s).
15
Let b(u) = 3*u - 6. Let p = -343 + 338. Calculate b(p).
-21
Suppose -941 = 14*q - 871. Let y(n) = 3*n**2 + 7*n - 2. Calculate y(q).
38
Let j(k) = 5*k - 4*k - 2*k + 2*k - k**2. Let p(u) = -2*u**2 + 3*u. Let q(b) = -5*j(b) + 2*p(b). Let f be (2/4)/(2/(-16)). Calculate q(f).
12
Let r(z) be the first derivative of 3*z + 1/4*z**4 + 0*z**2 - 2*z**3 + 13. What is r(6)?
3
Let m(p) = -p**3 - 22*p**2 - 40*p + 7. Let z be m(-20). Suppose g = -2*k + 5*k - 7, -5*k = -15. Let y(o) = 4 + o**g + 0*o**2 + 0 - 9*o. Determine y(z).
-10
Let m(z) = 3*z**2 + 2*z - 1. Let b(u) = 48*u - 143. Let j be b(3). Give m(j).
4
Let v(s) = -5*s - 21. Let m(o) = o + 5. Let j(b) = -9*m(b) - 2*v(b). Let h = 50 - 15. Suppose 3 = y + 4*q, 3*y + h = -2*y + 5*q. Calculate j(y).
-8
Let s(c) = 29 - 5 - 6 - c**2 - 10. Calculate s(-7).
-41
Suppose -3 = -3*p + 6. Let z(u) = 4*u + 1 + u**2 + u**p - 6*u**2 + 0*u. Determine z(4).
1
Let w(j) = -j**2 + 7*j + 7. Let h(f) = -3*f**2 - 37*f - 119. Let o be h(-6). What is w(o)?
-53
Let c be (-2 + -1)*(-6)/9. Let h(u) = -11*u**2 - 4*u + 15. Let l(q) = -6*q + 7 - 5*q**2 - q + 5*q. Let g(y) = -6*h(y) + 13*l(y). What is g(c)?
1
Let v(d) = -15 - 21 + 33 - d. Give v(0).
-3
Let p(o) = -93*o + 181. Let g be p(2). Let k(u) = 10*u - 7. Calculate k(g).
-57
Let o(r) = 4*r**2 - 4*r + 2. Suppose -3*y - 1 = 41. Let s = y - -16. Give o(s).
10
Let i(j) = -3*j + 2. Let l(d) = d. Let z = -17 + 15. Let k(r) = z*l(r) - i(r). Determine k(-5).
-7
Let m(l) = -3*l**3 - 10*l**2 + 8*l + 1. Let n(k) = 9*k**3 + 31*k - 41*k**2 - 25*k**3 + 4 + k**3 + 2*k**3. Let j(g) = 9*m(g) - 2*n(g). What is j(-9)?
-8
Let f(h) be the third derivative of h**6/120 - 7*h**5/60 - h**4/24 + h**3/2 - 39*h**2. Determine f(7).
-4
Let s(r) be the third derivative of 1/24*r**4 + 0 + 0*r**3 + 1/30*r**5 + 0*r + 10*r**2. Determine s(2).
10
Let q(b) be the first derivative of 4/3*b**3 - 6*b + 1/4*b**4 - b**2 - 2. Determine q(-5).
-21
Let v(g) = -3*g - 8 + 0*g**2 + g + g**2 - 3*g. Let h = -12 - -18. What is v(h)?
-2
Let c(k) be the first derivative of k**4/4 - 2*k**3/3 - k - 571. Calculate c(3).
8
Let y(f) = -2*f - 1. Let u(i) = i + 2. Let p(v) = -v**3 - v**2 - v. Let n be p(0). Suppose -5*o + 2*s = -s, 2*o + s + 11 = n. Let r be u(o). Give y(r).
1
Suppose -4*i - i - 30 = 0. Let w(b) = -5*b**3 + 2*b**2 - 3. Let x(n) = -18*n**3 + 4*n**2 - 10. Let s(u) = 7*w(u) - 2*x(u). Calculate s(i).
-1
Let x be (0 + -1)/((-22)/(-88)). Let m(h) = 3 + 5*h - 3*h**2 - h**3 + 3*h - 2*h. Calculate m(x).
-5
Let f(c) = -4*c - 9. Let u(x) = -12*x - 26. Let v(a) = 8*f(a) - 3*u(a). Suppose 5*h - 15 = 3*b - b, 0 = -4*b - 4*h - 16. What is v(b)?
-14
Let b = 173 + -170. Suppose -26 = -b*j - 23. Let p(w) be the first derivative of -13*w**4/4 + w**3/3 - w**2/2 + w + 1. What is p(j)?
-12
Let j(k) be the second derivative of -3*k**3 + k**2/2 - k. Give j(1).
-17
Let w be -6 + 12/(-18)*6. Let p(n) = -n + 13. Calculate p(w).
23
Let p(a) = -2*a**3 - 18*a**2 + 3*a - 9. Let q(h) = -h**3 - 10*h**2 + 2*h - 5. Let v(w) = 4*p(w) - 7*q(w). What is v(-2)?
3
Let r(q) = q**3 - 5*q**2 - 2*q + 7. Suppose -5*c = 4*i - 327, i - c - 72 = c. Let v = i + -73. Determine r(v).
-3
Let t(b) = b - 8. Suppose -4*z + 4 = 3*m + 1, -2 = z - 2*m. Suppose -4*l + 73 = -4*k + 17, 4*l - 3*k - 59 = z. Suppose -7 - l = -4*h. What is t(h)?
-2
Let q(s) = s**3 + 11*s**2 + s - 14. Let m be q(-11). Let u = -27 - m. Let z(x) = x**3 - x**2 - 3*x - 1. Determine z(u).
-7
Let b(z) be the second derivative of z**3/6 - 11*z**2/2 - 6*z. Determine b(12).
1
Let x be 7 + (-26)/6 + (-8)/(-6). Suppose 3*s = -s + 20. Let t(i) = -3*i - 1. Let d(c) = -2*c - 2. Let u(z) = s*d(z) - 4*t(z). Give u(x).
2
Suppose 15*d - 8*d - 266 = 0. Let f = -44 + d. Let o(m) = m**3 + 7*m**2 + 8*m + 3. Determine o(f).
-9
Let t(u) = -2*u + 5. Let c(l) = 3*l - 6. Let k(i) = -3*c(i) - 4*t(i). Determine k(-2).
0
Let k(o) = 2*o + 1. Suppose -3*f + 16 = 4, -5*f + 20 = 4*z. Suppose z = -5*a - 11 + 1, -2*t - a - 12 = 0. What is k(t)?
-9
Suppose -5*d + 12 - 52 = -5*f, -2*f = 4*d + 14. Suppose 0 = -f*x - 49 + 37. Let v(s) = s + 9. Give v(x).
5
Let d be (-16)/(-56) - 19/(-7). Suppose d = b + 1. Let s(k) = 7*k + 4 - 3*k**2 + 4 - 6*k**3 + 5*k**3 - 2*k**b. Calculate s(-6).
2
Suppose 11 = -c - 3*i, -c + 2*i + 7 = -7. Let q(p) be the first derivative of -3/2*p**2 + 4/3*p**3 + 1/4*p**c - 8 + 4*p. Give q(-5).
-6
Let b(u) = u**2 + 5*u - 8. Let s be -2 + (-1 - 0) + -3. Let x(k) = k**3 + 6*k**2 - 7. Let n be x(s). Give b(n).
6
Let p(c) be the second derivative of 1/20*c**5 - c**2 + 1/12*c**4 + 11*c - 1/2*c**3 - 3. Determine p(-2).
0
Let k be 1/2 - (-54)/(-8)*2. Let z(a) = a**3 + 12*a**2 - 14*a - 8. Calculate z(k).
5
Let j be (-1)/(-2)*(-15)/(-585)*91. Let s(x) be the second derivative of 0 + 1/2*x**2 + j*x**3 - 7*x - 1/12*x**4. Give s(4).
13
Let a(h) = -h**3 - 5*h**2 + h - 2. Let x = -294 + 289. Give a(x).
-7
Suppose 21 = -3*k + 4*w - 2, 0 = -5*k - 2*w + 5. Let p(c) = 11*c**2 + c - 17. Let r(g) = -13*g**2 - g + 20. Let d(a) = 7*p(a) + 6*r(a). Calculate d(k).
-1
Let w(x) = -25*x**2 - x + 1. Let i be w(1). Let d = i - -30. Let h(f) be the first derivative of f**2 - 4*f + 2. Calculate h(d).
6
Let g = -5 + 9. Suppose -4*o + 6*q = q + 22, 0 = 4*o - g*q + 20. Let u(b) = b**3 + 4*b**2 - b + 2. Calculate u(o).
14
Let f(m) = -2*m - 9. Let j(x) = -x**2 - 7*x - 6. Let s be 15/6 + 4/(-8). Suppose c = -s - 5. Let v be j(c). What is f(v)?
3
Let z(x) = -3*x - 8. Let b be z(0). Le